{"id":243,"date":"2025-01-18T13:51:42","date_gmt":"2025-01-18T13:51:42","guid":{"rendered":"https:\/\/d.r3.wbsprt.com\/pensionulrika.cz\/?page_id=243"},"modified":"2025-06-29T15:40:35","modified_gmt":"2025-06-29T15:40:35","slug":"rezervace-online-rezervace-ubytovani","status":"publish","type":"page","link":"https:\/\/www.pensionulrika.cz\/?page_id=243","title":{"rendered":"Rezervace ubytov\u00e1n\u00ed"},"content":{"rendered":"<div class=\"wp-block-columns is-layout-flex wp-container-core-columns-is-layout-1 wp-block-columns-is-layout-flex\"><div class=\"wp-block-column is-layout-flow wp-block-column-is-layout-flow\"><p><\/p><\/div>\n\n<div class=\"wp-block-column is-layout-flow wp-block-column-is-layout-flow\"><p class=\"has-text-align-right has-small-font-size\">pro na\u010dten\u00ed formul\u00e1\u0159e vyberte <a href=\"https:\/\/booking.previo.app\/?hotId=786003&amp;theme=gold\"><img loading=\"lazy\" decoding=\"async\" width=\"60\" height=\"59\" class=\"wp-image-635\" style=\"width: 60px;\" src=\"https:\/\/www.pensionulrika.cz\/wp-content\/uploads\/2025\/06\/mobil.jpg\" alt=\"\"><\/a> <a href=\"https:\/\/www.pensionulrika.cz\/?page_id=243\"><img loading=\"lazy\" decoding=\"async\" width=\"60\" height=\"58\" class=\"wp-image-636\" style=\"width: 60px;\" src=\"https:\/\/www.pensionulrika.cz\/wp-content\/uploads\/2025\/06\/ntbk.jpg\" alt=\"\"><\/a><\/p><\/div><\/div><!-- Reservation PLUS start -->\n<script type=\"text\/javascript\" src=\"https:\/\/booking.previo.app\/iframe\/\"><\/script>\n<iframe loading=\"lazy\" src=\"https:\/\/booking.previo.app\/?hotId=786003&#038;theme=gold\" scrolling=\"no\" frameborder=\"0\" width=\"100%\" height=\"100%\" name=\"previo-booking-iframe\" id=\"previo-booking-iframe\" allowTransparency=\"true\"><\/iframe>\n<!-- Reservation PLUS end --><p><\/p>","protected":false},"excerpt":{"rendered":"<p>pro na\u010dten\u00ed formul\u00e1\u0159e vyberte<\/p>\n","protected":false},"author":1,"featured_media":0,"parent":0,"menu_order":0,"comment_status":"closed","ping_status":"closed","template":"","meta":{"_regular_price":[],"currency_symbol":[],"_monsterinsights_skip_tracking":false,"_monsterinsights_sitenote_active":false,"_monsterinsights_sitenote_note":"","_monsterinsights_sitenote_category":0,"footnotes":""},"class_list":["post-243","page","type-page","status-publish","hentry"],"post_slider_layout_featured_media_urls":{"thumbnail":"","post_slider_layout_landscape_large":"","post_slider_layout_portrait_large":"","post_slider_layout_square_large":"","post_slider_layout_landscape":"","post_slider_layout_portrait":"","post_slider_layout_square":"","full":""},"yoast_head":"<!-- This site is optimized with the Yoast SEO plugin v25.3.1 - https:\/\/yoast.com\/wordpress\/plugins\/seo\/ -->\n<title>Rezervace ubytov\u00e1n\u00ed - Pension Ulrika Loket<\/title>\n<meta name=\"description\" content=\"rezervace ubytov\u00e1n\u00ed (pokoje) online bez nadbyte\u010dn\u00fdch poplatk\u016f v chr\u00e1n\u011bn\u00e9m re\u017eimu\" \/>\n<meta name=\"robots\" content=\"index, follow, max-snippet:-1, max-image-preview:large, max-video-preview:-1\" \/>\n<link rel=\"canonical\" href=\"https:\/\/www.pensionulrika.cz\/?page_id=243\" \/>\n<meta property=\"og:locale\" content=\"cs_CZ\" \/>\n<meta property=\"og:type\" content=\"article\" \/>\n<meta property=\"og:title\" content=\"Rezervace ubytov\u00e1n\u00ed - Pension Ulrika Loket\" \/>\n<meta property=\"og:description\" content=\"rezervace ubytov\u00e1n\u00ed (pokoje) online bez nadbyte\u010dn\u00fdch poplatk\u016f v chr\u00e1n\u011bn\u00e9m re\u017eimu\" \/>\n<meta property=\"og:url\" content=\"https:\/\/www.pensionulrika.cz\/?page_id=243\" \/>\n<meta property=\"og:site_name\" content=\"Pension Ulrika Loket\" \/>\n<meta property=\"article:publisher\" content=\"https:\/\/www.facebook.com\/search\/top?q=pensionulrika\" \/>\n<meta property=\"article:modified_time\" content=\"2025-06-29T15:40:35+00:00\" \/>\n<meta property=\"og:image\" content=\"https:\/\/www.pensionulrika.cz\/wp-content\/uploads\/2025\/06\/mobil.jpg\" \/>\n<meta name=\"twitter:card\" content=\"summary_large_image\" \/>\n<meta name=\"twitter:label1\" content=\"Odhadovan\u00e1 doba \u010dten\u00ed\" \/>\n\t<meta name=\"twitter:data1\" content=\"1 minuta\" \/>\n<script type=\"application\/ld+json\" class=\"yoast-schema-graph\">{\"@context\":\"https:\/\/schema.org\",\"@graph\":[{\"@type\":\"WebPage\",\"@id\":\"https:\/\/www.pensionulrika.cz\/?page_id=243\",\"url\":\"https:\/\/www.pensionulrika.cz\/?page_id=243\",\"name\":\"Rezervace ubytov\u00e1n\u00ed - Pension Ulrika Loket\",\"isPartOf\":{\"@id\":\"https:\/\/www.pensionulrika.cz\/#website\"},\"primaryImageOfPage\":{\"@id\":\"https:\/\/www.pensionulrika.cz\/?page_id=243#primaryimage\"},\"image\":{\"@id\":\"https:\/\/www.pensionulrika.cz\/?page_id=243#primaryimage\"},\"thumbnailUrl\":\"https:\/\/www.pensionulrika.cz\/wp-content\/uploads\/2025\/06\/mobil.jpg\",\"datePublished\":\"2025-01-18T13:51:42+00:00\",\"dateModified\":\"2025-06-29T15:40:35+00:00\",\"description\":\"rezervace ubytov\u00e1n\u00ed (pokoje) online bez nadbyte\u010dn\u00fdch poplatk\u016f v chr\u00e1n\u011bn\u00e9m re\u017eimu\",\"breadcrumb\":{\"@id\":\"https:\/\/www.pensionulrika.cz\/?page_id=243#breadcrumb\"},\"inLanguage\":\"cs\",\"potentialAction\":[{\"@type\":\"ReadAction\",\"target\":[\"https:\/\/www.pensionulrika.cz\/?page_id=243\"]}]},{\"@type\":\"ImageObject\",\"inLanguage\":\"cs\",\"@id\":\"https:\/\/www.pensionulrika.cz\/?page_id=243#primaryimage\",\"url\":\"https:\/\/www.pensionulrika.cz\/wp-content\/uploads\/2025\/06\/mobil.jpg\",\"contentUrl\":\"https:\/\/www.pensionulrika.cz\/wp-content\/uploads\/2025\/06\/mobil.jpg\",\"width\":97,\"height\":96},{\"@type\":\"BreadcrumbList\",\"@id\":\"https:\/\/www.pensionulrika.cz\/?page_id=243#breadcrumb\",\"itemListElement\":[{\"@type\":\"ListItem\",\"position\":1,\"name\":\"Home\",\"item\":\"https:\/\/www.pensionulrika.cz\/\"},{\"@type\":\"ListItem\",\"position\":2,\"name\":\"Rezervace ubytov\u00e1n\u00ed\"}]},{\"@type\":\"WebSite\",\"@id\":\"https:\/\/www.pensionulrika.cz\/#website\",\"url\":\"https:\/\/www.pensionulrika.cz\/\",\"name\":\"Pension Ulrika Loket\",\"description\":\"\",\"publisher\":{\"@id\":\"https:\/\/www.pensionulrika.cz\/#organization\"},\"potentialAction\":[{\"@type\":\"SearchAction\",\"target\":{\"@type\":\"EntryPoint\",\"urlTemplate\":\"https:\/\/www.pensionulrika.cz\/?s={search_term_string}\"},\"query-input\":{\"@type\":\"PropertyValueSpecification\",\"valueRequired\":true,\"valueName\":\"search_term_string\"}}],\"inLanguage\":\"cs\"},{\"@type\":\"Organization\",\"@id\":\"https:\/\/www.pensionulrika.cz\/#organization\",\"name\":\"Pension Ulrika Loket\",\"url\":\"https:\/\/www.pensionulrika.cz\/\",\"logo\":{\"@type\":\"ImageObject\",\"inLanguage\":\"cs\",\"@id\":\"https:\/\/www.pensionulrika.cz\/#\/schema\/logo\/image\/\",\"url\":\"https:\/\/www.pensionulrika.cz\/wp-content\/uploads\/2025\/01\/logo_240x240.png\",\"contentUrl\":\"https:\/\/www.pensionulrika.cz\/wp-content\/uploads\/2025\/01\/logo_240x240.png\",\"width\":240,\"height\":240,\"caption\":\"Pension Ulrika Loket\"},\"image\":{\"@id\":\"https:\/\/www.pensionulrika.cz\/#\/schema\/logo\/image\/\"},\"sameAs\":[\"https:\/\/www.facebook.com\/search\/top?q=pensionulrika\"]}]}<\/script>\n<!-- \/ Yoast SEO plugin. -->","yoast_head_json":{"title":"Rezervace ubytov\u00e1n\u00ed - Pension Ulrika Loket","description":"rezervace ubytov\u00e1n\u00ed (pokoje) online bez nadbyte\u010dn\u00fdch poplatk\u016f v chr\u00e1n\u011bn\u00e9m re\u017eimu","robots":{"index":"index","follow":"follow","max-snippet":"max-snippet:-1","max-image-preview":"max-image-preview:large","max-video-preview":"max-video-preview:-1"},"canonical":"https:\/\/www.pensionulrika.cz\/?page_id=243","og_locale":"cs_CZ","og_type":"article","og_title":"Rezervace ubytov\u00e1n\u00ed - Pension Ulrika Loket","og_description":"rezervace ubytov\u00e1n\u00ed (pokoje) online bez nadbyte\u010dn\u00fdch poplatk\u016f v chr\u00e1n\u011bn\u00e9m re\u017eimu","og_url":"https:\/\/www.pensionulrika.cz\/?page_id=243","og_site_name":"Pension Ulrika Loket","article_publisher":"https:\/\/www.facebook.com\/search\/top?q=pensionulrika","article_modified_time":"2025-06-29T15:40:35+00:00","og_image":[{"url":"https:\/\/www.pensionulrika.cz\/wp-content\/uploads\/2025\/06\/mobil.jpg","type":"","width":"","height":""}],"twitter_card":"summary_large_image","twitter_misc":{"Odhadovan\u00e1 doba \u010dten\u00ed":"1 minuta"},"schema":{"@context":"https:\/\/schema.org","@graph":[{"@type":"WebPage","@id":"https:\/\/www.pensionulrika.cz\/?page_id=243","url":"https:\/\/www.pensionulrika.cz\/?page_id=243","name":"Rezervace ubytov\u00e1n\u00ed - Pension Ulrika Loket","isPartOf":{"@id":"https:\/\/www.pensionulrika.cz\/#website"},"primaryImageOfPage":{"@id":"https:\/\/www.pensionulrika.cz\/?page_id=243#primaryimage"},"image":{"@id":"https:\/\/www.pensionulrika.cz\/?page_id=243#primaryimage"},"thumbnailUrl":"https:\/\/www.pensionulrika.cz\/wp-content\/uploads\/2025\/06\/mobil.jpg","datePublished":"2025-01-18T13:51:42+00:00","dateModified":"2025-06-29T15:40:35+00:00","description":"rezervace ubytov\u00e1n\u00ed (pokoje) online bez nadbyte\u010dn\u00fdch poplatk\u016f v chr\u00e1n\u011bn\u00e9m re\u017eimu","breadcrumb":{"@id":"https:\/\/www.pensionulrika.cz\/?page_id=243#breadcrumb"},"inLanguage":"cs","potentialAction":[{"@type":"ReadAction","target":["https:\/\/www.pensionulrika.cz\/?page_id=243"]}]},{"@type":"ImageObject","inLanguage":"cs","@id":"https:\/\/www.pensionulrika.cz\/?page_id=243#primaryimage","url":"https:\/\/www.pensionulrika.cz\/wp-content\/uploads\/2025\/06\/mobil.jpg","contentUrl":"https:\/\/www.pensionulrika.cz\/wp-content\/uploads\/2025\/06\/mobil.jpg","width":97,"height":96},{"@type":"BreadcrumbList","@id":"https:\/\/www.pensionulrika.cz\/?page_id=243#breadcrumb","itemListElement":[{"@type":"ListItem","position":1,"name":"Home","item":"https:\/\/www.pensionulrika.cz\/"},{"@type":"ListItem","position":2,"name":"Rezervace ubytov\u00e1n\u00ed"}]},{"@type":"WebSite","@id":"https:\/\/www.pensionulrika.cz\/#website","url":"https:\/\/www.pensionulrika.cz\/","name":"Pension Ulrika Loket","description":"","publisher":{"@id":"https:\/\/www.pensionulrika.cz\/#organization"},"potentialAction":[{"@type":"SearchAction","target":{"@type":"EntryPoint","urlTemplate":"https:\/\/www.pensionulrika.cz\/?s={search_term_string}"},"query-input":{"@type":"PropertyValueSpecification","valueRequired":true,"valueName":"search_term_string"}}],"inLanguage":"cs"},{"@type":"Organization","@id":"https:\/\/www.pensionulrika.cz\/#organization","name":"Pension Ulrika Loket","url":"https:\/\/www.pensionulrika.cz\/","logo":{"@type":"ImageObject","inLanguage":"cs","@id":"https:\/\/www.pensionulrika.cz\/#\/schema\/logo\/image\/","url":"https:\/\/www.pensionulrika.cz\/wp-content\/uploads\/2025\/01\/logo_240x240.png","contentUrl":"https:\/\/www.pensionulrika.cz\/wp-content\/uploads\/2025\/01\/logo_240x240.png","width":240,"height":240,"caption":"Pension Ulrika Loket"},"image":{"@id":"https:\/\/www.pensionulrika.cz\/#\/schema\/logo\/image\/"},"sameAs":["https:\/\/www.facebook.com\/search\/top?q=pensionulrika"]}]}},"_links":{"self":[{"href":"https:\/\/www.pensionulrika.cz\/index.php?rest_route=\/wp\/v2\/pages\/243","targetHints":{"allow":["GET"]}}],"collection":[{"href":"https:\/\/www.pensionulrika.cz\/index.php?rest_route=\/wp\/v2\/pages"}],"about":[{"href":"https:\/\/www.pensionulrika.cz\/index.php?rest_route=\/wp\/v2\/types\/page"}],"author":[{"embeddable":true,"href":"https:\/\/www.pensionulrika.cz\/index.php?rest_route=\/wp\/v2\/users\/1"}],"replies":[{"embeddable":true,"href":"https:\/\/www.pensionulrika.cz\/index.php?rest_route=%2Fwp%2Fv2%2Fcomments&post=243"}],"version-history":[{"count":6,"href":"https:\/\/www.pensionulrika.cz\/index.php?rest_route=\/wp\/v2\/pages\/243\/revisions"}],"predecessor-version":[{"id":689,"href":"https:\/\/www.pensionulrika.cz\/index.php?rest_route=\/wp\/v2\/pages\/243\/revisions\/689"}],"wp:attachment":[{"href":"https:\/\/www.pensionulrika.cz\/index.php?rest_route=%2Fwp%2Fv2%2Fmedia&parent=243"}],"curies":[{"name":"wp","href":"https:\/\/api.w.org\/{rel}","templated":true}]}}